hat is the units digit of b?
1
Let s = 34 + -32. What is the units digit of s?
2
Let i(s) = 1 - 3*s**2 + 0 - s**2 + 5*s**2. Let m be i(0). Suppose -5*t = 5*x - 9 - m, -2*x = 3*t - 8. What is the units digit of t?
4
What is the units digit of (25/3)/(2/36 + 0)?
0
Suppose -s + 10 = 4*s. Suppose -2*d = -6*d - s*z + 24, -8 = -2*d + z. What is the units digit of d?
5
Suppose 3*g - 4 = 2. Suppose n - 2*o + 29 = 6*n, -3*n + g*o = -27. What is the units digit of n?
7
Suppose -4*q - 5 = q, 4*q + 12 = -4*r. Let l be (r/4)/((-1)/34). Suppose 0*k + l = k. What is the units digit of k?
7
Let q = -2 - 0. Let s(a) = -2*a - 3. What is the units digit of s(q)?
1
Suppose 0 = -3*q - 4*n + 481, -q + 5*n + 57 + 116 = 0. What is the units digit of q?
3
Let i(p) = 43*p**3 + p**2 - 2*p + 2. What is the tens digit of i(1)?
4
Let f(y) = -y**3 + 6*y**2 + 6*y - 4. Let g be f(6). Let q = 48 - g. What is the units digit of q?
6
Let u(m) = m**3 - 8*m**2 + 9*m - 10. Let v be u(7). Let n be 1*14 - (1 - 1). What is the units digit of (2/v)/(1/n)?
7
Suppose 4*s - 14 = -82. Let h = s + 32. What is the units digit of h?
5
Suppose -3*p = -0*p - 9. Suppose 3 = p*b, -4*w - b + 43 = 14. Suppose -3*j + w = 4*a - 23, a = 2*j - 9. What is the units digit of j?
6
Let g(r) = r**3 + 5*r**2 - 10*r - 8. Let t be g(-6). Let v be 3/2*t/12. What is the units digit of 5*v*(-6)/(-20)?
3
Let d(x) = 2*x - 12. Let z be d(7). Suppose -b = 2*b - 24. Suppose -5*r - 3*g = -0*g - b, -4 = -3*r - z*g. What is the units digit of r?
4
Let s = -18 - -64. Suppose 26 = 2*o + 3*b, 4*b - s = -4*o + b. What is the tens digit of (-10)/(-25) - (-106)/o?
1
Let y be ((-6)/12)/(2/(-68)). Suppose 5*s + 2*l - 4 - y = 0, 0 = 4*s + 4*l - 12. What is the units digit of s?
5
Suppose -4*c - 8 = 2*w - 0, 0 = 3*w - 2*c + 4. Let a be w/(-2) + (-2)/2. Suppose n + 3*h = 5*n - 29, a = -4*n - h + 17. What is the units digit of n?
5
What is the units digit of (4/(-6))/(6/(-387))?
3
Let k = -20 + 22. What is the units digit of (k - 5)/((-9)/21)?
7
Suppose 4*l = 42 + 46. What is the tens digit of l?
2
Suppose 5*i = l + 4*l + 175, -31 = l + i. Let n = -20 - l. What is the tens digit of n?
1
Let r be (6 - -6)*4/6. Let d(n) = n**2 + 7 - 3*n**2 + r*n + n**2. What is the tens digit of d(7)?
1
Suppose 80 = -g + 6*g. What is the tens digit of g?
1
Let a(d) = 20*d - 2. What is the units digit of a(2)?
8
Let t = 67 + -47. Suppose 3*c + t = c - 4*p, -p - 9 = c. Let k(j) = j**3 + 8*j**2 - 2*j - 11. What is the units digit of k(c)?
5
Suppose -2*t = -2*x + 32, t = -2*x - 3*x + 68. What is the units digit of x?
4
Let p = 247 + -147. What is the units digit of p?
0
Let p be (2/(-6) - 0)*-3. Let u(d) = -d**2 + 5*d - 4. Let l be u(3). What is the units digit of ((-5)/(-2))/(p/l)?
5
Suppose 421 = q + 2*q + n, n - 139 = -q. What is the units digit of q?
1
Let s be 1/(((-9)/(-3))/15). Let h(p) = 2*p - 3. Let y be h(s). Let o = y + 2. What is the units digit of o?
9
Let w = -52 + 180. What is the hundreds digit of w?
1
Let s = -185 + 331. What is the units digit of s?
6
Suppose 3*m - 8*m + 2065 = 0. What is the hundreds digit of m?
4
What is the units digit of 1 + 4 - (-383 - 9)?
7
Suppose -2*v - n = 21, -5*v + 3*v - 2*n = 18. What is the units digit of 220/18 - v/(-54)?
2
Let k be (-4 - -6)/(1 - 3). What is the units digit of (1 + -2)/(k/4)?
4
Let s(g) = -g + 1. Let a be s(5). Let w = 28 + a. What is the units digit of w?
4
Suppose 1 = 2*l - 3. Let k be (l*1)/((-3)/(-6)). Suppose 0 = 2*o + k*h - 41 + 13, 4*o - 3*h - 34 = 0. What is the units digit of o?
0
Suppose 0 = -m - 3*m + 80. Suppose -3*q - 2*b = m, -5*q - 31 = 4*b - 3*b. Let f(s) = -s**2 - 7*s + 1. What is the units digit of f(q)?
7
Let m(f) = f - 10. Let c be m(0). Let b = 16 + c. What is the units digit of b?
6
Let z = 16 - -14. What is the units digit of z?
0
Suppose -155 = -c + 35. What is the units digit of c?
0
Let t(z) = 50*z**2 - 8*z + 15. What is the tens digit of t(2)?
9
Suppose -p - 22 = -5*j, -8*p = 5*j - 12*p - 13. What is the units digit of j?
5
What is the tens digit of -44*(1 - (-11)/(-4))?
7
Let q be 0 + 2 - (2 - 1). Let h(r) = 3*r**2. Let l be h(q). Suppose -l*z + 2*z = -7. What is the units digit of z?
7
Let l(r) be the first derivative of -2 + 13*r - 1/2*r**2. What is the tens digit of l(0)?
1
Let i = 8 - -4. Suppose i = -0*k + 4*k. What is the units digit of k?
3
Let m = 22 + -2. What is the tens digit of m?
2
Let s(g) = 2*g + 18. Let j be s(-9). Suppose -3*o - 38 + 164 = j. What is the tens digit of o?
4
Let n(j) = -j**3 + 4*j**2 + 7*j - 7. Let m be n(5). Suppose -46 = -5*h + f - 0*f, -m*h = -5*f - 10. What is the units digit of h?
0
Let d(h) = -15*h + 17. What is the units digit of d(-15)?
2
Suppose -4*p + 4*u + 200 = 0, -4*u = 2*p - 3*p + 35. What is the tens digit of p?
5
Suppose 6 = 2*x - 0*x. What is the units digit of x?
3
Let d(n) = 2*n**2 + 0*n - 3*n + 6*n - 1 + n. What is the units digit of d(-3)?
5
Let t(h) be the third derivative of h**5/20 + h**3/6 - 2*h**2. What is the units digit of t(-1)?
4
Suppose 248 = w + 3*w. Suppose 2*n + l + 23 = w, -4*n - 5*l = -87. What is the tens digit of n?
1
Let c(m) be the first derivative of m**4/4 - 8*m**3/3 + 9*m**2/2 + 4*m + 4. What is the tens digit of c(7)?
1
Let j(s) = s**2 + 4*s - 8. Let p be j(-6). Let m(h) = 2*h - 6. Let d be m(p). Suppose -d*y + 11 = x, -3*x = y - 2*y - 12. What is the units digit of y?
3
Let t = 5 - -3. Let u(n) be the third derivative of -n**5/60 + n**4/3 + n**3/2 + n**2. What is the units digit of u(t)?
3
Suppose 5*y - 10*y + 10 = 0. Suppose 0 = q - y - 16. What is the tens digit of q?
1
What is the tens digit of (7 + 1 - -99) + -1 + -2?
0
Suppose v + 3 = 2*v. Suppose 4*b - 2*d - 8 = v*b, 5*b - 49 = d. What is the units digit of b?
0
Suppose 7 + 2 = 3*m. Suppose -68 = 4*z - 2*a - 2*a, -m*a = -12. Let s = z - -24. What is the units digit of s?
1
Let o(k) = k**2 + 4*k + 4. Let l be o(-6). Suppose 0*d - 5*g - l = d, 2*d + 11 = -3*g. Let r = d - -8. What is the units digit of r?
7
Let d = -3 + 6. Suppose -z - 24 = d*z. Let f(c) = -c. What is the units digit of f(z)?
6
Suppose k - 3*k = 4*v, v - 3*k = 14. Suppose v*g = f + 4, 4*f - 44 = -6*g + 2*g. What is the units digit of f?
6
Suppose 3*f = 12 + 42. What is the units digit of (-30)/f*(0 - 3)?
5
Suppose -315 = -s - 4*s. Suppose -4*h = 19 - s. What is the tens digit of h?
1
Suppose -4*f + 4*t + 36 = 0, 0 = -2*f - t - 2 + 17. What is the units digit of 8 - f - (-14 + -1)?
5
Suppose -2*d + 49 = f - 17, -2*f + 2*d + 108 = 0. What is the units digit of f?
8
Let o(k) = -5*k - 14. What is the tens digit of o(-14)?
5
Let u(t) = -7*t - 1. Let q(i) = -i + 1. Let f(o) = 4*q(o) + u(o). What is the units digit of f(-2)?
5
Let q(i) = -i**2 - i - 1. Let m(x) = -x**2 - x - 3. Let v(s) = -m(s) - q(s). What is the units digit of v(3)?
8
Let f(z) = -z**2 - 5 + 8*z + 5*z + 20. What is the units digit of f(13)?
5
Let s(g) = -g**3 + 12*g**2 + 5*g + 1. What is the units digit of s(12)?
1
Let b be (-18)/6 + 0 + -1. Suppose 2*c - 3*c + 11 = 0. Let n = b + c. What is the units digit of n?
7
Suppose 4*q + 0*q = 20. Suppose -4*d + 2*p + 14 = -d, -4*d = -q*p - 28. What is the units digit of ((-3)/d)/((-2)/12)?
9
Suppose -5*n = -2*o + 13 - 103, n = -4*o - 4. What is the tens digit of n?
1
Let z(i) = -32*i - 93. What is the units digit of z(-7)?
1
Let j = -86 - -223. What is the units digit of j?
7
Suppose -2*v + 2 + 2 = 0. Let p(u) = 3*u**2 - u**3 - u**2 + 2*u**3 + 9 + u - 3*u**v. What is the units digit of p(0)?
9
Let j(c) = -c**3 - 8*c**2 - 14*c - 6. What is the tens digit of j(-10)?
3
Let y be 50*3/(7 - 1). Let a = y + 7. What is the units digit of a?
2
Suppose -3*s + 27 = -4*z + 3, -24 = 4*z + s. Let b = z - -10. What is the units digit of b?
4
Suppose 0 = x + 3*k - 2, -22 = -x + 4*x - 5*k. Let f = x + 21. What is the units digit of f?
7
Let v be (30/4)/(3/4). Let j(q) be the first derivative of q**2/2 - 3*q + 6. What is the units digit of j(v)?
7
Suppose 4*f - 92 = -4*r, 5*r + f = 3*f + 87. Let a = 12 + r. What is the tens digit of a?
3
Let u(f) = -f**2 - 17*f + 23. What is the units digit of u(-15)?
3
What is the hundreds digit of 11/(-55)*(-2 + -993)?
1
Suppose 402 = -2*u - 4*u. Let p = -40 - u. What is the tens digit of p?
2
Suppose -5*u - 4*q = -2 + 39, 3*u + 21 = -3*q. 